
-43
Let i(v) = 2*v**3 - 47*v**2 + 69*v - 53. What is i(22)?
13
Let b(u) = -u**3 + 24*u**2 + 19*u + 143. Give b(25).
-7
Let g(n) = -3*n + 69. What is g(23)?
0
Let p(k) = -319*k + 952. Give p(3).
-5
Let g(w) = w**3 - 49*w**2 - 214*w + 85. Determine g(53).
-21
Let o(w) = 1371*w - 74044. Give o(54).
-10
Let q(d) = -29*d + 94. What is q(3)?
7
Let a(w) = w**2 + 29*w - 22. What is a(1)?
8
Let a(k) = 8*k**3 - 48*k**2 + 29*k - 186. Determine a(6).
-12
Let k(r) = 33*r + 640. Give k(-19).
13
Let f(l) = -2*l**3 - 49*l**2 - 89*l - 6. Give f(-2).
-8
Let u(v) = 10*v + 76. Calculate u(-4).
36
Let i(r) = -r**3 - 29*r**2 - 174*r - 76. What is i(-22)?
364
Let g(x) = x**3 - 46*x**2 + 141*x - 4522. What is g(45)?
-202
Let s(x) = -2*x**2 - 67*x + 1253. Give s(-46).
103
Let g(d) = -d**2 + 86*d - 248. Determine g(3).
1
Let h(a) = -a**3 + 16*a**2 + 23*a + 238. Calculate h(18).
4
Let b(v) = -11*v + 42. Determine b(4).
-2
Let i(t) = 1608*t + 12864. Determine i(-8).
0
Let d(u) = 150*u - 4498. Calculate d(30).
2
Let o(w) = w**2 + 12*w - 148. Calculate o(-11).
-159
Let x(t) = -87*t + 947. Give x(11).
-10
Let i(f) = -f**2 - 26*f - 136. Determine i(-13).
33
Let b(i) = i**3 + 23*i**2 - 105*i - 4. Give b(-27).
-85
Let b(w) = w**2 - 14*w - 100. What is b(-11)?
175
Let h(b) = b**2 + 23*b + 2. What is h(0)?
2
Let s(m) = 2*m**3 + 14*m**2 - 18*m - 187. What is s(-5)?
3
Let f(z) = -23*z - 42. What is f(-1)?
-19
Let x(m) = -25*m - 87. Calculate x(-8).
113
Let f(m) = m**2 + 2*m - 248. Calculate f(-18).
40
Let m(o) = 7*o**2 - 22*o + 8. Give m(-4).
208
Let a(n) = -50*n**2 - 5164*n - 1436. Determine a(-103).
6
Let p(n) = -5*n**2 + 22*n + 9. What is p(5)?
-6
Let y(t) = -2937*t - 96911. What is y(-33)?
10
Let p(s) = -25*s**2 + 1804*s + 1536. What is p(73)?
3
Let y(v) = -v**3 - 11*v**2 - 49*v - 148. Determine y(-7).
-1
Let k(m) = -432*m**2 - 1300*m + 5. Determine k(-3).
17
Let g(i) = i**2 + 44*i + 31. What is g(-42)?
-53
Let v(s) = s**3 + 8*s**2 + 21*s + 17. What is v(-5)?
-13
Let p(g) = -4*g**2 - 161*g - 120. Calculate p(-40).
-80
Let z(q) = -q**3 - 24*q**2 - 54*q - 188. What is z(-22)?
32
Let h(x) = x**2 + 11*x - 145. What is h(-18)?
-19
Let y(v) = 2*v**3 + 200*v**2 + 583*v + 96. Determine y(-97).
-1
Let f(m) = 2*m**3 + 45*m**2 + 42*m + 146. Calculate f(-22).
-294
Let h(g) = -3*g**3 - 10*g**2 + 54*g - 6. What is h(3)?
-15
Let c(p) = p**2 - 7*p - 644. Calculate c(34).
274
Let b(y) = -y + 39. Give b(-38).
77
Let n(v) = -v**3 + 69*v**2 - 258*v - 156. Calculate n(65).
-26
Let h(i) = -9*i**2 + 78*i + 114. What is h(10)?
-6
Let t(o) = o**2 - 16*o - 18. Determine t(20).
62
Let h(o) = -2*o**2 + 64*o - 423. Calculate h(11).
39
Let a(u) = -223*u + 1143. What is a(5)?
28
Let f(x) = x**2 + 27*x - 223. What is f(8)?
57
Let j(v) = -v**3 + 13*v**2 - 38*v - 63. Give j(13).
-557
Let t(g) = -49*g - 929. Give t(-18).
-47
Let p(w) = -39*w - 6355. Determine p(-163).
2
Let c(y) = 94*y - 3044. Determine c(32).
-36
Let s(b) = -b**3 - 22*b**2 - 3*b - 72. Calculate s(0).
-72
Let z(q) = -764*q - 13737. Calculate z(-18).
15
Let r(b) = -b**3 - 55*b + 337. Determine r(6).
-209
Let o(w) = 226*w - 2270. Calculate o(10).
-10
Let z(a) = -a**3 - 16*a**2 - 4*a - 67. Calculate z(-16).
-3
Let s(i) = 64*i**3 + 5*i**2 + 5*i - 17. What is s(-2)?
-519
Let d(a) = 546*a - 1078. Calculate d(2).
14
Let r(w) = 269*w + 7807. Calculate r(-29).
6
Let x(o) = -942*o**2 + 951*o - 3. Calculate x(1).
6
Let b(y) = -10*y**2 - 133*y - 46. What is b(-13)?
-7
Let k(x) = 6*x**2 - 23*x - 101. What is k(10)?
269
Let g(m) = 4*m**2 - 158*m + 826. Give g(6).
22
Let j(k) = -12*k - 286. Determine j(-23).
-10
Let z(o) = o**2 - 34*o - 275. What is z(39)?
-80
Let b(c) = 3*c**3 + 40*c**2 - 31*c + 4. What is b(-14)?
46
Let y(c) = c**3 - 21*c**2 + 10*c - 2. Calculate y(20).
-202
Let x(h) = -h**2 - 23*h - 59. Calculate x(-6).
43
Let l(v) = v**3 + 59*v**2 - 18*v - 1018. Give l(-59).
44
Let l(i) = i**2 + 74*i + 879. Calculate l(-26).
-369
Let m(r) = -r**2 - 31*r - 137. Calculate m(-31).
-137
Let z(l) = l**3 - 57*l**2 - 52*l - 521. Give z(58).
-173
Let l(o) = 215*o - 14440. Determine l(67).
-35
Let f(v) = 3*v**2 - 218*v - 184. Give f(73).
-111
Let l(p) = -35*p + 1092. Determine l(31).
7
Let v(s) = -39*s**2 + 8*s - 9. Determine v(1).
-40
Let f(o) = -53*o + 486. Calculate f(11).
-97
Let c(g) = -87*g - 1605. Calculate c(-18).
-39
Let f(x) = 24*x**2 - 31*x + 102. Give f(3).
225
Let v(r) = -r**3 + 9*r**2 - 2*r + 135. What is v(10)?
15
Let t(l) = l**3 - 31*l**2 - 2*l - 2. Give t(0).
-2
Let d(l) = 427*l - 36708. Give d(86).
14
Let n(i) = i**3 + 38*i**2 + 140*i + 137. Calculate n(-34).
1
Let t(b) = 57*b - 75. Determine t(4).
153
Let t(z) = -8*z - 101. Give t(-34).
171
Let n(k) = -100*k - 1388. Calculate n(-14).
12
Let v(a) = 70*a - 700. Calculate v(10).
0
Let y(b) = b**3 - 59*b**2 - 5*b + 285. Give y(59).
-10
Let s(t) = -343*t + 835. Determine s(3).
-194
Let d(x) = -61115*x + 244465. Determine d(4).
5
Let w(d) = 2*d**2 - 267*d + 8047. Determine w(46).
-3
Let g(b) = -b**2 + 45*b + 5044. Determine g(97).
0
Let h(l) = 5*l**3 + 167*l**2 + 66*l + 17. What is h(-33)?
17
Let o(x) = x**2 - 17*x + 259. What is o(14)?
217
Let b(a) = 70*a + 2191. Give b(-31).
21
Let v(j) = 14*j - 254. Give v(18).
-2
Let c(b) = 60*b - 3366. Calculate c(54).
-126
Let p(g) = g**3 - 11*g**2 + 16*g - 8. Determine p(11).
168
Let r(g) = 611*g - 6727. Determine r(11).
-6
Let g(m) = -m**2 - 2*m + 176. What is g(0)?
176
Let d(q) = q**3 - 10*q**2 + 22*q - 33. Calculate d(5).
-48
Let j(m) = m**3 + m**2 - 207*m + 25. What is j(-15)?
-20
Let d(o) = o**3 + 20*o**2 + 66*o + 252. Give d(-17).
-3
Let w(k) = k**3 - 23*k**2 + 138*k - 101. Give w(9).
7
Let a(z) = 27*z**2 - 5*z - 32. Give a(0).
-32
Let y(q) = 2*q**3 + 261*q**2 - 134*q - 385. Calculate y(-131).
8
Let c(o) = -o**2 + 68*o - 651. Give c(56).
21
Let l(i) = 2*i**2 - 21*i + 23. Determine l(3).
-22
Let v(x) = -22*x**2 - 1307*x - 527. What is v(-59)?
4
Let d(c) = 14*c - 602. What is d(36)?
-98
Let h(l) = l**3 - 17*l**2 - 54*l - 114. Determine h(20).
6
Let q(d) = -729*d + 8747. What is q(12)?
-1
Let w(f) = -3*f**3 + 282*f**2 + 283*f + 125. What is w(95)?
-65
Let k(z) = -3*z**2 - 170*z + 853. Determine k(5).
-72
Let f(b) = -2*b**2 + 266*b + 4434. Determine f(-15).
-6
Let u(k) = 2283*k - 2300. Determine u(1).
-17
Let m(o) = -o**3 - 25*o**2 + 107*o - 79. Calculate m(-29).
182
Let l(w) = -118*w + 8502. What is l(72)?
6
Let j(s) = s**2 - 63*s + 571. Give j(53).
41
Let m(l) = -3*l**2 - 28*l + 137. Determine m(-13).
-6
Let l(z) = 2*z**2 - 115*z + 625. What is l(6)?
7
Let b(g) = 2*g**2 - 2*g + 21. What is b(2)?
25
Let g(d) = 2*d**2 + 104*d + 913. Determine g(-41).
11
Let a(k) = -475*k - 19481. Calculate a(-41).
-6
Let d(q) = -4*q**2 + 205*q - 84. What is d(51)?
-33
Let f(y) = -18*y**2 + 149*y + 316. Determine f(10).
6
Let a(f) = 4*f**2 - 87*f + 61. Calculate a(21).
-2
Let s(t) = -t**3 - 15*t**2 + 14*t + 174. Calculate s(-14).
-218
Let d(s) = s**3 - 57*s**2 - 409*s - 7210. Calculate d(65).
5
Let j(u) = 172*u + 5138. Determine j(-30).
-22
Let z(m) = -m**3 - 55*m**2 - 84*m + 1134. What is z(-53)?
-32
Let d(q) = q**2 - 97*q + 2035. What is d(67)?
25
Let c(t) = t**3 + 6*t**2 + 10*t + 41. Calculate c(-6).
-19
Let n(j) = -j**2 + 36*j + 878. Calculate n(-16).
46
Let k(v) = -260*v - 56151. Determine k(-216).
9
Let p(w) = 42*w - 602. Determine p(15).
28
Let v(h) = 431*h - 2594. Determine v(6).
-8
Let r(n) = n**3 + 187*n**2 + 2107*n + 1220. What is r(-175)?
-5
Let s(y) = 390*y + 14049. Give s(-36).
9
Let g(k) = 7*k**3 + 50*k**2 + 17*k + 52. Give g(-7).
-18
Let b(f) = -97*f + 673. Calculate b(7).
-6
Let m(s) = s**3 + 14*s**2 + 30*s + 2. Determine m(-12).
-70
Let i(w) = -w**3 - 46*w**2 + 258*w + 151. Calculate i(-51).
-2
Let t(k) = 92*k - 2656. What is t(29)?
12
Let v(g) = g**3 - 29*g**2 + 18*g - 1415. Determine v(30).
25
Let d(a) = a**3 - 78*a + 15. Determine d(-11).
-458
Let k(h) = -h**2 - 47*h + 636. What is k(11)?
-2
Let k(c) = 52*c + 3493. Determine k(-66).
61
Let u(i) = -3*i**3 - 17*i**2 - 15*i - 87. Calculate u(-5).
-62
Let k(v) = -9*v - 273. What is k(-29)?
-12
Let b(i) = 106*i - 978. Determine b(12).
294
Let m(t) = -1438*t + 145237. Determine m(101).
-1
Let s(h) = 8*h**2 + 406*h + 1496. Determine s(-4).
0
Let h(c) = -c**2 + 45*c + 111. Give h(48).
-33
Let h(w) = -1032*w 